8. Calculate r(0).
-628
Let w(z) = -7174*z + 64508. Give w(9).
-58
Let s(l) = -l**2 - 1299*l - 34340. Calculate s(-27).
4
Let b(a) = -49601*a - 793605. Determine b(-16).
11
Let d(g) = -g**3 - 116*g**2 + 766*g + 4120. Calculate d(-122).
-28
Let u(x) = 66432*x + 12555654. Give u(-189).
6
Let x(d) = 699*d + 375475. Calculate x(-537).
112
Let d(h) = 3*h**2 - 120*h - 4923. Calculate d(65).
-48
Let n(m) = 9*m**3 + 9*m**2 - 133*m + 474. Give n(4).
662
Let p(a) = 7*a**3 + 275*a**2 + 841*a + 29763. What is p(-39)?
6
Let b(c) = -4*c**3 - 169*c**2 + 10375*c - 184. What is b(34)?
-14
Let f(u) = 162*u**2 + 989*u - 26. What is f(-6)?
-128
Let p(y) = -3*y**3 - 96*y**2 + 93*y + 91. What is p(-33)?
289
Let q(m) = 14*m**2 + 3756*m + 11890. Give q(-265).
-300
Let n(a) = -5456*a + 338275. What is n(62)?
3
Let v(r) = -23*r**3 + 5887*r**2 + 249*r + 1775. Give v(256).
-17
Let p(i) = 3*i**3 + 13*i**2 + 8390*i + 33536. Determine p(-4).
-8
Let n(j) = 13243*j - 847566. Calculate n(64).
-14
Let l(w) = 8*w**2 - 178932*w - 178933. What is l(-1)?
7
Let g(h) = 13*h**3 + 11*h**2 - 2398*h + 4782. What is g(2)?
134
Let y(a) = a**3 + 279*a**2 + 2191*a + 134. Determine y(-8).
-50
Let w(y) = y**2 - 27686*y + 940189. Calculate w(34).
21
Let b(j) = -6208*j - 111776. Determine b(-18).
-32
Let i(x) = 5*x**3 + 607*x**2 + 240*x - 181. Determine i(-121).
61
Let s(c) = -1912*c + 645. Calculate s(1).
-1267
Let i(r) = -r**3 + 147*r**2 - 143*r - 428. What is i(146)?
10
Let w(g) = -218206*g - 3273082. What is w(-15)?
8
Let d(q) = 4*q**3 - 866*q**2 + 434*q - 442. What is d(216)?
-10
Let r(i) = 483*i + 1600. Calculate r(-4).
-332
Let v(f) = 54*f - 5342. Calculate v(107).
436
Let a(t) = -t**2 - 62*t + 369. Calculate a(-80).
-1071
Let s(h) = -h**2 + 111459*h - 780173. Calculate s(7).
-9
Let b(x) = -5444*x**2 + 10*x - 17. What is b(0)?
-17
Let w(z) = 2*z**2 + 1219*z + 49743. What is w(-44)?
-21
Let a(w) = w**2 - 5144*w + 122859. Determine a(24).
-21
Let r(m) = m**3 + 222*m**2 + 2534*m - 2455. Give r(-13).
-76
Let q(b) = -2*b**2 - 1332*b + 21833. Determine q(16).
9
Let u(k) = 4*k**3 + 414*k**2 - 198*k + 989. Determine u(-104).
-51
Let w(i) = -i**3 - 20*i**2 - 112*i - 44. What is w(-17)?
993
Let n(u) = -158*u - 5296. Give n(-34).
76
Let a(w) = w**3 - 195*w**2 - 4067*w + 596. Determine a(214).
382
Let h(i) = -33046*i - 2610661. Give h(-79).
-27
Let s(y) = -y**3 + 96*y**2 - 2300*y + 2559. Determine s(55).
84
Let b(k) = -6*k**3 + 25*k**2 + 286*k + 31. Calculate b(10).
-609
Let f(r) = 36*r - 4063. Give f(86).
-967
Let x(c) = -45*c**2 + 979*c - 346. What is x(21)?
368
Let l(x) = 26129*x + 78374. Calculate l(-3).
-13
Let w(n) = 16*n**2 - 788*n - 158. Determine w(47).
-1850
Let q(c) = 9*c**3 + 610*c**2 - 137*c - 74. Give q(-68).
-6
Let f(n) = 200*n + 2436. Give f(-24).
-2364
Let u(z) = 212*z - 6100. What is u(26)?
-588
Let c(i) = 105236*i + 2315201. What is c(-22)?
9
Let c(g) = -483*g**2 - 24146*g + 40. Give c(-50).
-160
Let u(c) = -8*c**3 + 131*c**2 + 1456*c - 23314. Give u(17).
-7
Let g(h) = 73548*h - 661929. What is g(9)?
3
Let i(u) = 95*u + 32874. Calculate i(-342).
384
Let r(j) = -108*j**2 - 1055*j - 52. Calculate r(-4).
2440
Let c(g) = 18*g**2 - 598*g + 195. What is c(33)?
63
Let z(q) = -53*q**2 + 375*q - 2681. Give z(7).
-2653
Let v(m) = m**3 + 152*m**2 + 466*m + 45. Give v(-3).
-12
Let k(u) = -467*u**2 + 4408*u - 8818. What is k(2)?
-1870
Let u(w) = -2*w**3 - 7*w**2 - 1232*w - 2443. Determine u(-2).
9
Let g(m) = -2084*m**2 + 4075*m + 181. Determine g(2).
-5
Let b(z) = -24*z**3 + 180*z**2 + 92*z - 19. Determine b(8).
-51
Let t(z) = -z**3 - 14*z**2 + 461*z + 61. What is t(-29)?
-693
Let r(p) = 3*p**2 - 50*p + 73. What is r(13)?
-70
Let k(c) = c**2 + 1448*c + 348623. Determine k(-305).
8
Let b(t) = 67*t + 6305. Determine b(-93).
74
Let a(q) = -q**3 - 157*q**2 + 8126*q + 1738. Determine a(-198).
154
Let k(c) = 5*c**3 + 23*c**2 + 59*c - 197. Give k(2).
53
Let g(x) = -5*x**2 + 678*x - 22781. Calculate g(72).
115
Let g(q) = -3583*q + 10723. Calculate g(3).
-26
Let v(u) = -u**3 + 64*u**2 - 407*u + 142. Determine v(57).
-314
Let s(x) = 5*x**3 + 326*x**2 + 94*x + 28. What is s(-65)?
-1857
Let g(y) = 6*y**3 - 2634*y**2 - 2*y + 880. Give g(439).
2
Let r(i) = 2*i**2 - 371*i - 5380. What is r(199)?
-7
Let w(c) = 156*c - 12167. Determine w(83).
781
Let t(s) = s**3 - 213*s**2 - 417*s - 2801. What is t(215)?
-6
Let m(z) = -z**2 + 757*z + 38737. Calculate m(-47).
949
Let s(l) = -458*l**2 - 8211*l + 600. Determine s(-18).
6
Let y(g) = -17944*g + 2422440. Determine y(135).
0
Let w(p) = -4764*p - 15441. Determine w(-3).
-1149
Let i(y) = y**3 + 6*y**2 - 72*y - 324. Give i(-4).
-4
Let y(v) = 27*v**2 + 434*v + 132. Give y(-16).
100
Let c(s) = 1447*s - 28920. Give c(20).
20
Let k(b) = 5*b**3 + b**2 + 753*b - 756. What is k(1)?
3
Let t(n) = n**3 + 6*n**2 - 1679*n - 17873. Calculate t(-11).
-9
Let h(o) = -3338*o + 5971. Determine h(2).
-705
Let d(v) = -288*v**2 + 393*v - 391. Determine d(1).
-286
Let i(c) = -4759*c - 1104108. Calculate i(-232).
-20
Let k(l) = -2*l**3 + 82*l**2 + 39*l - 146. Calculate k(41).
1453
Let g(b) = 25*b**2 - 2488*b + 37516. Give g(81).
13
Let r(q) = 19*q**2 - 906*q + 115. Calculate r(47).
-496
Let s(n) = -n - 226. Calculate s(5).
-231
Let c(s) = 11*s**2 - 33*s - 101. Give c(-8).
867
Let a(n) = 5102*n + 535705. Give a(-105).
-5
Let m(b) = 139*b**2 + 2893*b - 530. Calculate m(-21).
16
Let o(d) = 10*d**2 - 70*d + 47. Give o(10).
347
Let a(y) = -y**3 + 24*y**2 + 82*y - 2433. Calculate a(23).
-18
Let h(q) = -255*q**3 + 144*q**2 - 5*q + 1. Give h(1).
-115
Let t(a) = 6*a**3 - 992*a**2 + 976*a + 14. Give t(1).
4
Let a(f) = -f**3 - 17*f**2 - 769*f - 55835. Determine a(-37).
-2
Let l(a) = -a**2 + 15013*a + 647407. Give l(-43).
-1
Let u(j) = -468*j + 3450. Calculate u(9).
-762
Let c(j) = -13*j**3 - 54*j**2 + 287*j + 868. Calculate c(-3).
-128
Let i(w) = -700*w - 10915. Determine i(-16).
285
Let b(k) = 8*k**2 - 644*k + 5323. Determine b(71).
-73
Let r(y) = -y**3 - 54*y**2 - 287*y - 19. Give r(-48).
-67
Let i(a) = -a**3 - 344*a**2 - 940*a + 28288. Determine i(-341).
-15
Let f(h) = -21459*h + 128750. Calculate f(6).
-4
Let g(d) = 99*d**3 - 10*d**2 - d + 112. What is g(-3)?
-2648
Let h(y) = y**2 + 536*y + 6711. What is h(-12)?
423
Let u(y) = -18*y**2 - 1492*y - 2987. Calculate u(-2).
-75
Let c(z) = -52*z**2 - 4222*z + 8443. What is c(2)?
-209
Let h(c) = c**2 + 183*c - 2578. Determine h(13).
-30
Let p(m) = -101*m - 9218. Give p(-99).
781
Let d(y) = -271*y**2 - 1395*y - 34. Give d(-3).
1712
Let q(k) = -14*k**2 + 380*k - 2207. Determine q(6).
-431
Let a(k) = -8490*k - 12123690. Give a(-1428).
30
Let y(z) = z**3 + 17*z**2 - 104*z + 7. Calculate y(-20).
887
Let x(f) = -f**3 + 174*f**2 - 429*f - 14321. Determine x(171).
43
Let k(d) = 16294*d - 147089. What is k(9)?
-443
Let k(l) = -511*l + 41906. Determine k(82).
4
Let w(h) = -1001*h**2 + 3862*h - 10. What is w(4)?
-578
Let j(p) = -25*p**3 + 23*p**2 - 334*p + 330. Calculate j(1).
-6
Let q(p) = -18897*p - 75698. Determine q(-4).
-110
Let l(r) = -29*r**2 - 11192*r + 12004. Calculate l(-387).
7
Let a(v) = -7*v**3 - 23*v**2 + 2148*v + 13. Give a(16).
-179
Let r(i) = 2*i**2 - 802*i + 7881. Calculate r(10).
61
Let v(w) = 3*w**3 - 3*w**2 - 98*w + 914. Calculate v(-8).
-30
Let i(z) = -4*z**2 - 159*z - 1568. What is i(-18)?
-2
Let j(b) = -2*b**2 + 137*b + 407. Calculate j(66).
737
Let i(w) = -4910*w + 319120. Calculate i(65).
-30
Let k(o) = -o**2 + 107*o + 9416. Calculate k(164).
68
Let x(s) = s**3 - 18*s - 15. Calculate x(-5).
-50
Let k(t) = 122*t - 1413. Calculate k(8).
-437
Let w(f) = f**3 + 52*f**2 + 447*f + 26508. What is w(-53)?
8
Let p(g) = -10*g**2 - 1762*g + 93737. Determine p(-219).
5
Let f(u) = -u**3 + 13*u**2 - 25*u - 114. What is f(5)?
-39
Let f(g) = 166*g - 28256. Calculate f(169).
-202
Let x(h) = h**3 + 31*h**2 - 3102*h + 17274. What is x(6)?
-6
Let q(n) = 30*n**2 + 2275*n + 1879. Give q(-75).
4
Let d(n) = 4*n**3 - 173*n**2 - 207*n + 3247. What is d(44)?
-53
Let l(t) = -8327*t - 33379. Calculate l(-4).
-71
Let k(r) = -3*r**2 + 734*r + 49437. Give k(-55).
-8
Let h(m) = 4*m**2 + 68*m - 199. Determine h(-19).
-47
Let h(x) = 13*x**3 + 5860*x**2 - 1374*x - 9472. Give h(-451).
-1
Let d(m) = 14989*m**2 - 13580032*m - 1816. What is d(906)?
-4
Let q(c) = -c**3 + 391*c*